{"id":32,"date":"2022-07-18T14:12:11","date_gmt":"2022-07-18T14:12:11","guid":{"rendered":"http:\/\/www.tykomak.fi\/?page_id=32"},"modified":"2022-07-18T14:16:09","modified_gmt":"2022-07-18T14:16:09","slug":"luo-sivustosi-lohkoilla","status":"publish","type":"page","link":"https:\/\/www.tykomak.fi\/index.php\/luo-sivustosi-lohkoilla\/","title":{"rendered":"Ty\u00f6nohjaus ja konsultointi Matti Kentta Oy"},"content":{"rendered":"\n<h2 class=\"alignwide has-text-align-wide has-gigantic-font-size wp-block-heading\" style=\"line-height:1.1\">Luo sivustosi lohkoilla<\/h2>\n\n\n\n<div style=\"height:100px\" aria-hidden=\"true\" class=\"wp-block-spacer\"><\/div>\n\n\n\n<div class=\"wp-block-columns alignwide are-vertically-aligned-center is-style-twentytwentyone-columns-overlap is-layout-flex wp-container-core-columns-is-layout-9d6595d7 wp-block-columns-is-layout-flex\">\n<div class=\"wp-block-column is-vertically-aligned-center is-layout-flow wp-block-column-is-layout-flow\">\n<figure class=\"wp-block-image alignfull size-large\"><img decoding=\"async\" src=\"https:\/\/www.tykomak.fi\/wp-content\/themes\/twentytwentyone\/assets\/images\/roses-tremieres-hollyhocks-1884.jpg\" alt=\"\u201cRoses Tr\u00e9mi\u00e8res\u201d by Berthe Morisot\"\/><\/figure>\n\n\n\n<div style=\"height:100px\" aria-hidden=\"true\" class=\"wp-block-spacer\"><\/div>\n\n\n\n<figure class=\"wp-block-image alignfull size-large is-style-twentytwentyone-image-frame\"><img decoding=\"async\" src=\"https:\/\/www.tykomak.fi\/wp-content\/themes\/twentytwentyone\/assets\/images\/in-the-bois-de-boulogne.jpg\" alt=\"\u201cBoulognen mets\u00e4ss\u00e4\u201d, Berthe Morisot\"\/><\/figure>\n<\/div>\n\n\n\n<div class=\"wp-block-column is-vertically-aligned-center is-layout-flow wp-block-column-is-layout-flow\">\n<div style=\"height:100px\" aria-hidden=\"true\" class=\"wp-block-spacer\"><\/div>\n\n\n\n<figure class=\"wp-block-image size-large alignfull size-full is-style-twentytwentyone-border\"><img decoding=\"async\" src=\"https:\/\/www.tykomak.fi\/wp-content\/themes\/twentytwentyone\/assets\/images\/young-woman-in-mauve.jpg\" alt=\"\u201cNuori nainen Mauvessa\u201d, Berthe Morisot\"\/><\/figure>\n<\/div>\n<\/div>\n\n\n\n<div style=\"height:50px\" aria-hidden=\"true\" class=\"wp-block-spacer\"><\/div>\n\n\n\n<div class=\"wp-block-columns alignwide are-vertically-aligned-top is-layout-flex wp-container-core-columns-is-layout-9d6595d7 wp-block-columns-is-layout-flex\">\n<div class=\"wp-block-column is-vertically-aligned-top is-layout-flow wp-block-column-is-layout-flow\">\n<h3 class=\"wp-block-heading\">Lis\u00e4\u00e4 lohkomalleja<\/h3>\n\n\n\n<p>Lohkomallit ovat ennalta suunniteltuja lohkoryhmi\u00e4. Lis\u00e4t\u00e4ksesi sellaisen, napsauta Lis\u00e4\u00e4 lohko -painiketta [+] editorin yl\u00e4osassa. Vaihda hakukent\u00e4n alapuolelta l\u00f6ytyv\u00e4lle Mallit-sivulehdelle ja valitse malli.<\/p>\n<\/div>\n\n\n\n<div class=\"wp-block-column is-vertically-aligned-top is-layout-flow wp-block-column-is-layout-flow\">\n<h3 class=\"wp-block-heading\">Kehyst\u00e4 kuvasi<\/h3>\n\n\n\n<p>Twenty Twenty-One tarjoaa tyylikk\u00e4it\u00e4 kehyksi\u00e4 sis\u00e4ll\u00f6llesi. Valitse Kuva-lohko ja avaa Tyylit-paneeli editorin sivupalkista. Valitse lohkotyyli &#8221;Kehys&#8221; ottaaksesi se k\u00e4ytt\u00f6\u00f6n.<\/p>\n<\/div>\n\n\n\n<div class=\"wp-block-column is-vertically-aligned-top is-layout-flow wp-block-column-is-layout-flow\">\n<h3 class=\"wp-block-heading\">P\u00e4\u00e4llekk\u00e4iset palstat<\/h3>\n\n\n\n<p>Twenty Twenty-One tarjoaa my\u00f6s p\u00e4\u00e4llekk\u00e4isyystyylin palstalohkoille. Kun sinulla on Palstat-lohko valittuna, avaa Tyylit-paneeli editorin sivupalkista. Valitse lohkotyyli &#8221;P\u00e4\u00e4llekk\u00e4isyys&#8221; kokeillaksesi sit\u00e4.<\/p>\n<\/div>\n<\/div>\n\n\n\n<div style=\"height:100px\" aria-hidden=\"true\" class=\"wp-block-spacer\"><\/div>\n\n\n\n<div class=\"wp-block-cover alignwide is-light is-style-twentytwentyone-border\"><span aria-hidden=\"true\" class=\"wp-block-cover__background has-green-background-color has-background-dim-100 has-background-dim\"><\/span><div class=\"wp-block-cover__inner-container is-layout-flow wp-block-cover-is-layout-flow\">\n<div style=\"height:20px\" aria-hidden=\"true\" class=\"wp-block-spacer\"><\/div>\n\n\n\n<p class=\"has-huge-font-size\">Tarvitsetko apua?<\/p>\n\n\n\n<div style=\"height:75px\" aria-hidden=\"true\" class=\"wp-block-spacer\"><\/div>\n\n\n\n<div class=\"wp-block-columns is-layout-flex wp-container-core-columns-is-layout-9d6595d7 wp-block-columns-is-layout-flex\">\n<div class=\"wp-block-column is-layout-flow wp-block-column-is-layout-flow\">\n<p><a href=\"https:\/\/wordpress.org\/support\/article\/twenty-twenty-one\/\">Lue teeman dokumentaatio<\/a><\/p>\n<\/div>\n\n\n\n<div class=\"wp-block-column is-layout-flow wp-block-column-is-layout-flow\">\n<p><a href=\"https:\/\/wordpress.org\/support\/theme\/twentytwentyone\/\">Tutustu tukifoorumeihin<\/a><\/p>\n<\/div>\n<\/div>\n\n\n\n<div style=\"height:20px\" aria-hidden=\"true\" class=\"wp-block-spacer\"><\/div>\n<\/div><\/div>\n","protected":false},"excerpt":{"rendered":"<p>Luo sivustosi lohkoilla Lis\u00e4\u00e4 lohkomalleja Lohkomallit ovat ennalta suunniteltuja lohkoryhmi\u00e4. Lis\u00e4t\u00e4ksesi sellaisen, napsauta Lis\u00e4\u00e4 lohko -painiketta [+] editorin yl\u00e4osassa. Vaihda hakukent\u00e4n alapuolelta l\u00f6ytyv\u00e4lle Mallit-sivulehdelle ja valitse malli. Kehyst\u00e4 kuvasi Twenty Twenty-One tarjoaa tyylikk\u00e4it\u00e4 kehyksi\u00e4 sis\u00e4ll\u00f6llesi. Valitse Kuva-lohko ja avaa Tyylit-paneeli editorin sivupalkista. Valitse lohkotyyli &#8221;Kehys&#8221; ottaaksesi se k\u00e4ytt\u00f6\u00f6n. P\u00e4\u00e4llekk\u00e4iset palstat Twenty Twenty-One tarjoaa my\u00f6s p\u00e4\u00e4llekk\u00e4isyystyylin [&hellip;]<\/p>\n","protected":false},"author":1,"featured_media":0,"parent":0,"menu_order":0,"comment_status":"closed","ping_status":"closed","template":"","meta":{"footnotes":""},"class_list":["post-32","page","type-page","status-publish","hentry"],"_links":{"self":[{"href":"https:\/\/www.tykomak.fi\/index.php\/wp-json\/wp\/v2\/pages\/32","targetHints":{"allow":["GET"]}}],"collection":[{"href":"https:\/\/www.tykomak.fi\/index.php\/wp-json\/wp\/v2\/pages"}],"about":[{"href":"https:\/\/www.tykomak.fi\/index.php\/wp-json\/wp\/v2\/types\/page"}],"author":[{"embeddable":true,"href":"https:\/\/www.tykomak.fi\/index.php\/wp-json\/wp\/v2\/users\/1"}],"replies":[{"embeddable":true,"href":"https:\/\/www.tykomak.fi\/index.php\/wp-json\/wp\/v2\/comments?post=32"}],"version-history":[{"count":2,"href":"https:\/\/www.tykomak.fi\/index.php\/wp-json\/wp\/v2\/pages\/32\/revisions"}],"predecessor-version":[{"id":58,"href":"https:\/\/www.tykomak.fi\/index.php\/wp-json\/wp\/v2\/pages\/32\/revisions\/58"}],"wp:attachment":[{"href":"https:\/\/www.tykomak.fi\/index.php\/wp-json\/wp\/v2\/media?parent=32"}],"curies":[{"name":"wp","href":"https:\/\/api.w.org\/{rel}","templated":true}]}}