{"id":33,"date":"2022-07-18T14:12:11","date_gmt":"2022-07-18T14:12:11","guid":{"rendered":"http:\/\/www.tykomak.fi\/?page_id=33"},"modified":"2025-04-29T17:26:46","modified_gmt":"2025-04-29T14:26:46","slug":"tietoja","status":"publish","type":"page","link":"https:\/\/www.tykomak.fi\/index.php\/tietoja\/","title":{"rendered":"Mik\u00e4 ukko?"},"content":{"rendered":"\n<p>Olen Kentan Matti, 49-vuotias perheellinen yl\u00e4koulun opettaja ja koulutettu ty\u00f6nohjaaja. Minulla on Suomen ty\u00f6nohjaajat ry STOryn j\u00e4senyys.<\/p>\n\n\n\n<p>Sain ty\u00f6nohjaajaopintoni valmiiksi vuonna 2015 ja tein ohjaukseni vuoteen 2021 Claves Oy:n osaomistajana. Loppukes\u00e4st\u00e4 2021 alkaen olen toiminut oman yritykseni nimiin. Olen ohjannut etup\u00e4\u00e4ss\u00e4 opetusalan, terveydenhuollon ja sosiaalialan sek\u00e4 j\u00e4rjest\u00f6sektorin henkil\u00f6st\u00f6\u00e4. Varsinaista referenssilistaa en voi tarjota, koska ty\u00f6skentelyni on ehdottoman luottamuksellista. Asiakkaani saavat puhua minusta, mutta min\u00e4 en puhu asiakkaistani.<\/p>\n\n\n\n<figure class=\"wp-block-image size-large\"><img loading=\"lazy\" decoding=\"async\" width=\"766\" height=\"1024\" src=\"https:\/\/www.tykomak.fi\/wp-content\/uploads\/2022\/07\/IMG-20211005-WA0001-766x1024.jpg\" alt=\"\" class=\"wp-image-86\" srcset=\"https:\/\/www.tykomak.fi\/wp-content\/uploads\/2022\/07\/IMG-20211005-WA0001-766x1024.jpg 766w, https:\/\/www.tykomak.fi\/wp-content\/uploads\/2022\/07\/IMG-20211005-WA0001-224x300.jpg 224w, https:\/\/www.tykomak.fi\/wp-content\/uploads\/2022\/07\/IMG-20211005-WA0001-768x1027.jpg 768w, https:\/\/www.tykomak.fi\/wp-content\/uploads\/2022\/07\/IMG-20211005-WA0001-1149x1536.jpg 1149w, https:\/\/www.tykomak.fi\/wp-content\/uploads\/2022\/07\/IMG-20211005-WA0001.jpg 1197w\" sizes=\"auto, (max-width: 766px) 100vw, 766px\" \/><\/figure>\n\n\n\n<p>Pohjakoulutukseltani olen valtiotieteiden maisteri. Ennen opettajuuttani toimin vuosikausia ahtaajana Turun satamassa. Kasvatusalan kysymykset ovat minulle luonnollisesti kaikkein tutuimpia, mutta muistutan, ett\u00e4 aihepiirin tuttuus ei ole yksinomaisesti hyve ty\u00f6nohjauksessa.<\/p>\n","protected":false},"excerpt":{"rendered":"<p>Olen Kentan Matti, 49-vuotias perheellinen yl\u00e4koulun opettaja ja koulutettu ty\u00f6nohjaaja. Minulla on Suomen ty\u00f6nohjaajat ry STOryn j\u00e4senyys. Sain ty\u00f6nohjaajaopintoni valmiiksi vuonna 2015 ja tein ohjaukseni vuoteen 2021 Claves Oy:n osaomistajana. Loppukes\u00e4st\u00e4 2021 alkaen olen toiminut oman yritykseni nimiin. Olen ohjannut etup\u00e4\u00e4ss\u00e4 opetusalan, terveydenhuollon ja sosiaalialan sek\u00e4 j\u00e4rjest\u00f6sektorin henkil\u00f6st\u00f6\u00e4. Varsinaista referenssilistaa en voi tarjota, koska ty\u00f6skentelyni [&hellip;]<\/p>\n","protected":false},"author":1,"featured_media":0,"parent":0,"menu_order":0,"comment_status":"closed","ping_status":"closed","template":"","meta":{"footnotes":""},"class_list":["post-33","page","type-page","status-publish","hentry"],"_links":{"self":[{"href":"https:\/\/www.tykomak.fi\/index.php\/wp-json\/wp\/v2\/pages\/33","targetHints":{"allow":["GET"]}}],"collection":[{"href":"https:\/\/www.tykomak.fi\/index.php\/wp-json\/wp\/v2\/pages"}],"about":[{"href":"https:\/\/www.tykomak.fi\/index.php\/wp-json\/wp\/v2\/types\/page"}],"author":[{"embeddable":true,"href":"https:\/\/www.tykomak.fi\/index.php\/wp-json\/wp\/v2\/users\/1"}],"replies":[{"embeddable":true,"href":"https:\/\/www.tykomak.fi\/index.php\/wp-json\/wp\/v2\/comments?post=33"}],"version-history":[{"count":9,"href":"https:\/\/www.tykomak.fi\/index.php\/wp-json\/wp\/v2\/pages\/33\/revisions"}],"predecessor-version":[{"id":128,"href":"https:\/\/www.tykomak.fi\/index.php\/wp-json\/wp\/v2\/pages\/33\/revisions\/128"}],"wp:attachment":[{"href":"https:\/\/www.tykomak.fi\/index.php\/wp-json\/wp\/v2\/media?parent=33"}],"curies":[{"name":"wp","href":"https:\/\/api.w.org\/{rel}","templated":true}]}}