{"id":38,"date":"2022-07-18T14:12:11","date_gmt":"2022-07-18T14:12:11","guid":{"rendered":"http:\/\/www.tykomak.fi\/?page_id=38"},"modified":"2022-07-28T14:27:04","modified_gmt":"2022-07-28T11:27:04","slug":"uusi-umoma-avaa-ovensa-2","status":"publish","type":"page","link":"https:\/\/www.tykomak.fi\/","title":{"rendered":"Ty\u00f6nohjaus ja konsultointi Matti Kentta Oy"},"content":{"rendered":"\n<div class=\"wp-block-group alignwide\"><div class=\"wp-block-group__inner-container is-layout-flow wp-block-group-is-layout-flow\">\n<h2 class=\"has-text-align-center wp-block-heading\">Sinua ja yhteis\u00f6\u00e4si varten<\/h2>\n<\/div><\/div>\n\n\n\n<div class=\"wp-block-columns alignwide is-layout-flex wp-container-core-columns-is-layout-9d6595d7 wp-block-columns-is-layout-flex\">\n<div class=\"wp-block-column is-layout-flow wp-block-column-is-layout-flow\">\n<div class=\"wp-block-group\"><div class=\"wp-block-group__inner-container is-layout-flow wp-block-group-is-layout-flow\">\n<figure class=\"wp-block-image alignfull size-large\"><img loading=\"lazy\" decoding=\"async\" width=\"1824\" height=\"2432\" src=\"https:\/\/www.tykomak.fi\/wp-content\/uploads\/2022\/07\/IMG_20220713_130941-edited.jpg\" alt=\"\" class=\"wp-image-70\" srcset=\"https:\/\/www.tykomak.fi\/wp-content\/uploads\/2022\/07\/IMG_20220713_130941-edited.jpg 1824w, https:\/\/www.tykomak.fi\/wp-content\/uploads\/2022\/07\/IMG_20220713_130941-edited-225x300.jpg 225w, https:\/\/www.tykomak.fi\/wp-content\/uploads\/2022\/07\/IMG_20220713_130941-edited-768x1024.jpg 768w, https:\/\/www.tykomak.fi\/wp-content\/uploads\/2022\/07\/IMG_20220713_130941-edited-1152x1536.jpg 1152w, https:\/\/www.tykomak.fi\/wp-content\/uploads\/2022\/07\/IMG_20220713_130941-edited-1536x2048.jpg 1536w, https:\/\/www.tykomak.fi\/wp-content\/uploads\/2022\/07\/IMG_20220713_130941-edited-1200x1600.jpg 1200w\" sizes=\"auto, (max-width: 1824px) 100vw, 1824px\" \/><\/figure>\n<\/div><\/div>\n\n\n\n<div class=\"wp-block-group\"><div class=\"wp-block-group__inner-container is-layout-flow wp-block-group-is-layout-flow\"><\/div><\/div>\n<\/div>\n\n\n\n<div class=\"wp-block-column is-layout-flow wp-block-column-is-layout-flow\">\n<div class=\"wp-block-group\"><div class=\"wp-block-group__inner-container is-layout-flow wp-block-group-is-layout-flow\">\n<figure class=\"wp-block-image alignfull size-large\"><img loading=\"lazy\" decoding=\"async\" width=\"1024\" height=\"768\" src=\"https:\/\/www.tykomak.fi\/wp-content\/uploads\/2022\/07\/IMG_20220713_131456-1024x768.jpg\" alt=\"\" class=\"wp-image-68\" srcset=\"https:\/\/www.tykomak.fi\/wp-content\/uploads\/2022\/07\/IMG_20220713_131456-1024x768.jpg 1024w, https:\/\/www.tykomak.fi\/wp-content\/uploads\/2022\/07\/IMG_20220713_131456-300x225.jpg 300w, https:\/\/www.tykomak.fi\/wp-content\/uploads\/2022\/07\/IMG_20220713_131456-768x576.jpg 768w, https:\/\/www.tykomak.fi\/wp-content\/uploads\/2022\/07\/IMG_20220713_131456-1536x1152.jpg 1536w, https:\/\/www.tykomak.fi\/wp-content\/uploads\/2022\/07\/IMG_20220713_131456-2048x1536.jpg 2048w, https:\/\/www.tykomak.fi\/wp-content\/uploads\/2022\/07\/IMG_20220713_131456-1200x900.jpg 1200w, https:\/\/www.tykomak.fi\/wp-content\/uploads\/2022\/07\/IMG_20220713_131456-1980x1485.jpg 1980w\" sizes=\"auto, (max-width: 1024px) 100vw, 1024px\" \/><\/figure>\n<\/div><\/div>\n\n\n\n<div class=\"wp-block-group\"><div class=\"wp-block-group__inner-container is-layout-flow wp-block-group-is-layout-flow\">\n<figure class=\"wp-block-image alignfull size-large\"><img loading=\"lazy\" decoding=\"async\" width=\"1024\" height=\"768\" src=\"https:\/\/www.tykomak.fi\/wp-content\/uploads\/2022\/07\/IMG_20220713_131403-1024x768.jpg\" alt=\"\" class=\"wp-image-67\" srcset=\"https:\/\/www.tykomak.fi\/wp-content\/uploads\/2022\/07\/IMG_20220713_131403-1024x768.jpg 1024w, https:\/\/www.tykomak.fi\/wp-content\/uploads\/2022\/07\/IMG_20220713_131403-300x225.jpg 300w, https:\/\/www.tykomak.fi\/wp-content\/uploads\/2022\/07\/IMG_20220713_131403-768x576.jpg 768w, https:\/\/www.tykomak.fi\/wp-content\/uploads\/2022\/07\/IMG_20220713_131403-1536x1152.jpg 1536w, https:\/\/www.tykomak.fi\/wp-content\/uploads\/2022\/07\/IMG_20220713_131403-2048x1536.jpg 2048w, https:\/\/www.tykomak.fi\/wp-content\/uploads\/2022\/07\/IMG_20220713_131403-1200x900.jpg 1200w, https:\/\/www.tykomak.fi\/wp-content\/uploads\/2022\/07\/IMG_20220713_131403-1980x1485.jpg 1980w\" sizes=\"auto, (max-width: 1024px) 100vw, 1024px\" \/><\/figure>\n<\/div><\/div>\n<\/div>\n<\/div>\n\n\n\n<h2 class=\"has-text-align-center has-accent-color has-text-color wp-block-heading\">Sinun ei tarvitse olla korviasi my\u00f6ten pulassa hy\u00f6ty\u00e4ksesi ty\u00f6nohjauksesta.<\/h2>\n\n\n\n<p class=\"has-drop-cap has-accent-color has-text-color\">Parhaimmillaan ohjaus toimii ennaltaehk\u00e4isev\u00e4sti, vaikkakin siihen turvaudutaan usein vasta ongelmien kasautuessa. Ty\u00f6nohjauksen ei my\u00f6sk\u00e4\u00e4n aina tarvitse olla ongelmal\u00e4ht\u00f6ist\u00e4, vaan tulevia valintoja voi hyvinkin kannattaa hahmotella ulkopuolisen luotetun kanssa.<\/p>\n\n\n\n<figure class=\"wp-block-image alignfull size-large\"><img loading=\"lazy\" decoding=\"async\" width=\"1024\" height=\"768\" src=\"https:\/\/www.tykomak.fi\/wp-content\/uploads\/2022\/07\/IMG_20220714_134120-1024x768.jpg\" alt=\"\" class=\"wp-image-62\" srcset=\"https:\/\/www.tykomak.fi\/wp-content\/uploads\/2022\/07\/IMG_20220714_134120-1024x768.jpg 1024w, https:\/\/www.tykomak.fi\/wp-content\/uploads\/2022\/07\/IMG_20220714_134120-300x225.jpg 300w, https:\/\/www.tykomak.fi\/wp-content\/uploads\/2022\/07\/IMG_20220714_134120-768x576.jpg 768w, https:\/\/www.tykomak.fi\/wp-content\/uploads\/2022\/07\/IMG_20220714_134120-1536x1152.jpg 1536w, https:\/\/www.tykomak.fi\/wp-content\/uploads\/2022\/07\/IMG_20220714_134120-2048x1536.jpg 2048w, https:\/\/www.tykomak.fi\/wp-content\/uploads\/2022\/07\/IMG_20220714_134120-1200x900.jpg 1200w, https:\/\/www.tykomak.fi\/wp-content\/uploads\/2022\/07\/IMG_20220714_134120-1980x1485.jpg 1980w\" sizes=\"auto, (max-width: 1024px) 100vw, 1024px\" \/><\/figure>\n\n\n\n<div class=\"wp-block-group alignwide\"><div class=\"wp-block-group__inner-container is-layout-flow wp-block-group-is-layout-flow\"><\/div><\/div>\n\n\n\n<p><\/p>\n\n\n\n<p><\/p>\n\n\n\n<figure class=\"wp-block-gallery alignwide has-nested-images columns-default is-cropped wp-block-gallery-1 is-layout-flex wp-block-gallery-is-layout-flex\"><\/figure>\n","protected":false},"excerpt":{"rendered":"<p>Sinua ja yhteis\u00f6\u00e4si varten Sinun ei tarvitse olla korviasi my\u00f6ten pulassa hy\u00f6ty\u00e4ksesi ty\u00f6nohjauksesta. Parhaimmillaan ohjaus toimii ennaltaehk\u00e4isev\u00e4sti, vaikkakin siihen turvaudutaan usein vasta ongelmien kasautuessa. Ty\u00f6nohjauksen ei my\u00f6sk\u00e4\u00e4n aina tarvitse olla ongelmal\u00e4ht\u00f6ist\u00e4, vaan tulevia valintoja voi hyvinkin kannattaa hahmotella ulkopuolisen luotetun kanssa.<\/p>\n","protected":false},"author":1,"featured_media":64,"parent":0,"menu_order":0,"comment_status":"closed","ping_status":"closed","template":"","meta":{"footnotes":""},"class_list":["post-38","page","type-page","status-publish","has-post-thumbnail","hentry"],"_links":{"self":[{"href":"https:\/\/www.tykomak.fi\/index.php\/wp-json\/wp\/v2\/pages\/38","targetHints":{"allow":["GET"]}}],"collection":[{"href":"https:\/\/www.tykomak.fi\/index.php\/wp-json\/wp\/v2\/pages"}],"about":[{"href":"https:\/\/www.tykomak.fi\/index.php\/wp-json\/wp\/v2\/types\/page"}],"author":[{"embeddable":true,"href":"https:\/\/www.tykomak.fi\/index.php\/wp-json\/wp\/v2\/users\/1"}],"replies":[{"embeddable":true,"href":"https:\/\/www.tykomak.fi\/index.php\/wp-json\/wp\/v2\/comments?post=38"}],"version-history":[{"count":10,"href":"https:\/\/www.tykomak.fi\/index.php\/wp-json\/wp\/v2\/pages\/38\/revisions"}],"predecessor-version":[{"id":89,"href":"https:\/\/www.tykomak.fi\/index.php\/wp-json\/wp\/v2\/pages\/38\/revisions\/89"}],"wp:featuredmedia":[{"embeddable":true,"href":"https:\/\/www.tykomak.fi\/index.php\/wp-json\/wp\/v2\/media\/64"}],"wp:attachment":[{"href":"https:\/\/www.tykomak.fi\/index.php\/wp-json\/wp\/v2\/media?parent=38"}],"curies":[{"name":"wp","href":"https:\/\/api.w.org\/{rel}","templated":true}]}}